8)?
1
Suppose 16*g = 2*g + 336. Calculate the remainder when 165 is divided by g.
21
Suppose 0 = -5*b - 15, 53 = o - 0*b - 2*b. What is the remainder when o is divided by -17*(1 - (0 + 2))?
13
Calculate the remainder when 28 is divided by (-105)/(-18) + (-1)/(-6).
4
Let h(l) = 138*l - 1. What is the remainder when h(1) is divided by 28?
25
Let p(x) = 19*x - 88. Let z = -190 - -291. What is the remainder when z is divided by p(6)?
23
Suppose 0 = s - 5*s + 8. Suppose -3*v + 20 = s*v. Suppose 0 = g + 5, 2*y - v*g = 7*y - 20. What is the remainder when 14 is divided by y?
6
Let j be (-2)/(-6)*(-1 + 34). Let x = j - 3. What is the remainder when x is divided by 5?
3
Let q = 50 + -31. Suppose 2*l - 5*k - 29 = 0, -2*l = -0*l + 3*k + 11. Suppose -18 = -l*h - 4. Calculate the remainder when q is divided by h.
5
Let h = 15 - 32. Let u = h + 39. Calculate the remainder when u is divided by 8.
6
Let i = 16 + -14. Suppose 2*m - 7 = -i*x + 21, -4*m = -5*x + 43. What is the remainder when 19 is divided by x?
8
Suppose -2*b = -1 - 3. Let v = 0 - -1. Suppose v = -x + 2*x. Calculate the remainder when b is divided by x.
0
Let u(c) = -c**2 + 2*c - 9. Let a(p) = p**2 - p + 9. Let w(m) = -5*a(m) - 6*u(m). What is the remainder when w(8) is divided by 9?
8
Let m(u) = -u**3 - 4*u**2 + 3*u + 2. Let a = 30 + -11. What is the remainder when m(-6) is divided by a?
18
Suppose 50 = 4*z + 2*t, -t - 27 = -4*z + 8. Let k = -4 - 0. Let v = k - -7. What is the remainder when z is divided by v?
1
Suppose 10*p - 535 = 5*p. Let f(i) = 8*i + 3. Calculate the remainder when p is divided by f(3).
26
Let g = 71 - 15. Suppose i + 3*i = g. What is the remainder when i is divided by 8?
6
Let v(d) = -d**2 + 9*d - 5. Let f = -19 + 10. Calculate the remainder when ((-129)/f)/(2/6) is divided by v(5).
13
Let v be 2/4 - (-90)/(-4). Let z = v + 47. Let x(t) = 2*t**3 + 17*t**2 - 8*t + 23. Calculate the remainder when z is divided by x(-9).
11
Suppose -2*q - 3*q = -105. What is the remainder when q is divided by 13?
8
Suppose 0 = n - 78 + 14. What is the remainder when n is divided by 33?
31
Suppose -82 + 13 = -3*t. Suppose 3*s + 22 + t = 0. What is the remainder when s/25 + (-258)/(-5) is divided by 13?
12
Suppose 6*d - 4*d - 12 = 0. What is the remainder when 7 is divided by d?
1
Let a = -529 - -544. Calculate the remainder when (-42 + -1)/(-1 + 0) is divided by a.
13
Let r = 129 - 108. Calculate the remainder when r is divided by 8.
5
Suppose -p + 2*x - 34 = 5*x, 3*x + 134 = -5*p. Let w be (-951)/(-21) + (-2)/7. Let a = p + w. Calculate the remainder when a is divided by 11.
9
Suppose -5*q + 40 = -0*q. Let j(s) = 3*s. Let a(m) = 7*m. Let r(g) = 4*a(g) - 9*j(g). Calculate the remainder when 14 is divided by r(q).
6
Suppose -19*t = -24*t + 125. What is the remainder when 73 is divided by t?
23
Calculate the remainder when 38 is divided by (-36)/(-5)*10/3.
14
Suppose -3*f - 81 = -5*f - 5*b, 0 = -f + 4*b + 34. Calculate the remainder when f is divided by (-4)/(-14) - 445/(-35).
12
Let u = -68 + 101. Suppose -4*t = 5 - u. What is the remainder when t is divided by 4?
3
Let d(y) = -5*y + 4. Calculate the remainder when d(-10) is divided by 19.
16
Let u = -487 - -265. Calculate the remainder when 12/42 - u/7 is divided by 11.
10
Suppose -3*x - 18 + 3 = 0. Let c = 16 + x. What is the remainder when 20 is divided by c?
9
Suppose -3*r = -9, 3 = -2*k - 3*r - 2. Let b = k - -10. Suppose 30 = 3*a + b*g, -a - 5*g + 2 = -2*a. What is the remainder when 14 is divided by a?
6
Let h = 50 + -24. Let u = h + -15. Let i = u + 0. Calculate the remainder when 42 is divided by i.
9
Let s(w) = w**2 + 4*w. Let k be s(-2). Let y(o) = o**3 + 5*o**2 + 5. Suppose 179*b = 182*b - 120. What is the remainder when b is divided by y(k)?
19
What is the remainder when 15 is divided by 18*(7/(-2) - -4)?
6
Suppose -a + 2 = -0*a - 2*i, -3*a - 5*i + 6 = 0. Calculate the remainder when a is divided by 2.
0
Let n(j) = j**2 - j + 74. Let r be n(0). Suppose r = 3*w - 4*x - 18, -2*x = 4. What is the remainder when w is divided by 15?
13
Suppose 4*o - 8 = 4, 4*b - 56 = -4*o. What is the remainder when 42 is divided by b?
9
Suppose b - 3 - 4 = 0. Let a(l) = -l**3 + 8*l**2 - 4*l + 7. Let k(i) = i**3 + 5*i**2 + i - 2. What is the remainder when a(b) is divided by k(-4)?
8
Let j be (-1)/3 + 19/3. Let r = j - 6. Let n = 12 + r. What is the remainder when 23 is divided by n?
11
Let w(v) be the second derivative of v**5/20 - v**3/6 + 27*v**2/2 - 6*v. Calculate the remainder when 78 is divided by w(0).
24
Let x = 5 + -10. Calculate the remainder when (69 - x)/(0 - -2) is divided by 10.
7
Suppose 2*c - 1 = 61. What is the remainder when c is divided by 11?
9
Let p(h) = h**3 + 10*h**2 - 5*h - 11. Let i be p(-10). Let l = i + -121. Let c = 116 + l. What is the remainder when c is divided by 12?
10
Let i be 5 + -3 + -3 - 73. What is the remainder when (0 + i)/(-5 + 3) is divided by -1 + (-1)/(-1) - -19?
18
Let g be -5*(-1)/(3 - 2). Suppose -42 = -3*d + 3*h, h + 2*h + 30 = 2*d. Suppose 8 + d = g*q. What is the remainder when 11 is divided by q?
3
Suppose -2*x + 19 = -9. Suppose 3*b - 48 - 24 = 0. What is the remainder when 966/b + (-1)/4 is divided by x?
12
Let f(k) = -5*k**3 - 9 - 6*k**2 - 2*k + 4*k**3 + 7. Calculate the remainder when 29 is divided by f(-6).
9
What is the remainder when -49*(-3 - 6/(-3)) is divided by 13?
10
Let h = -19 + 36. Let j = 17 - 12. What is the remainder when h is divided by j?
2
Suppose 143 = 5*w - u + 4*u, -85 = -3*w - u. Calculate the remainder when 54 is divided by w.
26
Let m(n) = 12*n**3 + 2*n**2 - 1. What is the remainder when 25 is divided by m(1)?
12
Suppose -3*s + 33 = -2*s. Let f(t) = -t**3 - 6*t**2 - t + 6. Calculate the remainder when s is divided by f(-6).
9
Let p be 3 - 0 - 36/(-2). Suppose 23*q - p*q - 50 = 0. Calculate the remainder when 99 is divided by q.
24
Let s = -26 - -70. What is the remainder when s is divided by 9?
8
Let y = 16 - 10. Suppose 0 = -s + w + 2, -2*w - 3*w = -s + y. Calculate the remainder when 23 is divided by ((-2)/(-3))/(s/18).
11
Suppose 0 = -3*x, 5*t + 47 = 3*x + 252. Calculate the remainder when t is divided by 14.
13
Suppose -2*d = w - 43, -3*d + w + 57 = -0*w. Let j(v) = 16*v - 2. Calculate the remainder when j(5) is divided by d.
18
Suppose c = -4*d + 282, 2*d - 2*c - 3*c - 152 = 0. What is the remainder when d is divided by 15?
11
Calculate the remainder when (1 + 0 - (-6)/(-9))*15 is divided by 1.
0
Suppose 0 = 7*l - 5*l - 3*u - 57, l = 5*u + 39. Calculate the remainder when 94 is divided by l.
22
Suppose -5*o + d + 55 = 0, 5*o + 5*d - 35 = 2*d. Calculate the remainder when 47 is divided by o.
7
Let g = 2 + 2. Let i be (-3)/((-3)/g) - -1. Suppose 0 = i*o + 10 - 175. What is the remainder when o is divided by 9?
6
Let i = 38 + 1. Suppose -3*a + i = -18. What is the remainder when 54 is divided by a?
16
Let a(r) = -2*r**3 + 9*r**2 + 4*r - 12. Let k(n) = 3*n**3 - 18*n**2 - 9*n + 23. Let x(j) = 5*a(j) + 3*k(j). Calculate the remainder when x(-9) is divided by 25.
22
Let s(u) = 0*u**3 - 5 + 6 + 3*u - u**2 - 2*u**3. What is the remainder when s(-2) is divided by 3?
1
Suppose -o = -3 + 2. What is the remainder when ((-8)/3)/(o/(-3)) is divided by 3?
2
Let k(t) = 5*t + 31. Calculate the remainder when k(10) is divided by 17.
13
What is the remainder when 62 is divided by 2*((-4)/((-32)/12) + 3)?
8
Let n = -6 + 9. Suppose n*v = v - k + 9, -3*v = 4*k - 26. What is the remainder when 18 is divided by ((-42)/18)/(v/(-6))?
4
Suppose 0 = 2*h + 3*h - 145. What is the remainder when 86 is divided by h?
28
Suppose -2*d - 4*g = 6, 3*d - 3*g = d + 15. Suppose -d*b - l + 34 = 0, -2*b + 0*b - 5*l + 1 = 0. What is the remainder when b is divided by (-21)/6*(-2 - 0)?
6
Suppose 5*g + 28 = 5*k - 2, 4*g = -4*k. Let o be (-2)/(-2)*(3 - 2). Let q = o + 7. What is the remainder when q is divided by k?
2
Let f = 6 + -1. Suppose -3*p + 5*p = -5*q + 78, -f*p - 85 = -5*q. Calculate the remainder when q is divided by 9.
7
Suppose -4*v - 2*u - 53 = -7*v, 3*u = -v + 14. Calculate the remainder when 33 is divided by v.
16
Suppose -2*b - 3*b = -165. What is the remainder when 130 is divided by b?
31
Suppose 15 = 3*v, -v + 35 = -2*s + 2*v. Let f = 22 + s. What is the remainder when (2 + 1)*(5 - -10) is divi